-46, 0*w = -2*w - 4*r - 58. Let u = w + 20. Let a(n) = 0 - 3 + 3 - 6*n. Give a(u).
6
Let g(d) be the first derivative of 6*d**2 - 39*d - 823. Give g(3).
-3
Let m be 0*(30/3)/(-10). Let d(q) be the third derivative of -2*q**2 + 0*q + q**3 + 1/8*q**4 + m. Calculate d(-5).
-9
Suppose -8 = -6*x - 38. Let s(b) = 3*b**3 - 10*b**2 + 3*b + 6. Let c(n) = -2*n**3 + 5*n**2 - 2*n - 3. Let p(z) = x*c(z) - 3*s(z). Determine p(-5).
-8
Suppose 0 = 8*v - 9*v. Let d(g) = 4*g**2 + g - 12. Let o(q) = -q**2 + 1. Let f(s) = d(s) + 5*o(s). Determine f(v).
-7
Let n(t) be the third derivative of -t**5/60 + t**4/6 + 5*t**3/3 - t**2 + 42. Calculate n(7).
-11
Suppose -3*s - 15 = -12. Let q be (2/(-2) + -14)*s/(-3). Let o(g) = 3*g + 2. Determine o(q).
-13
Let t(q) = 2 + q**2 + 2 + q**2 - 4*q + q**3 - 3. Suppose -o + 6*m - 3*m = 9, 3*m = -2*o - 36. Let v = o + 12. What is t(v)?
4
Let j(q) = -3*q - 86 - 77 - q**2 + 184. Give j(-6).
3
Let b(q) = -q**3 + q**2 - q - 3. Let i(r) = -r + r**3 - 5*r**2 - 2*r - 3*r. Let v be 2 + 2*(-2 + 4). Let x be i(v). What is b(x)?
-3
Suppose -21 = 3*k - 4*b, k - 2*b + 10 = 3. Let a be (5 + -1 + k)*1. Let p(v) be the first derivative of v**3/3 + 2*v**2 + 3*v + 3. Determine p(a).
0
Let p(z) = 2 - 7 - 2*z + 2*z**2 + 5*z - 1. Let a be p(-4). Let x(q) = -6*q + 14 - a. What is x(-2)?
12
Let f(o) = -4*o - o**2 + o - 3*o + 1. Let g(w) = w + 14. Let u be g(-12). Suppose -39 = -u*s + 15*s. Calculate f(s).
10
Let j(t) be the second derivative of -t**4/12 - 5*t**3/6 + 2*t. Let z = 159 + -164. What is j(z)?
0
Let h(u) = -u**3 + u**2 + 2*u + 2. Let m = -61 + 89. Let d be 5/(-2)*m/35. What is h(d)?
10
Let a(z) = -z**2 + 1. Suppose 0 = -3*u + 2*h + 15, -4*u - u + 21 = -2*h. Suppose -5*g - 17 = -u*c, 3 + 9 = -3*g. Give a(c).
0
Let w(x) = -x - 15. Suppose 27*q = 101 + 34. Calculate w(q).
-20
Suppose 0 - 15 = -3*s. Suppose s*v - 3 - 12 = 0. Let j(b) = 1 - 8*b + 1 - 9*b**2 - b**3 - v. What is j(-8)?
-1
Suppose 10*t = 9 + 21. Let x be t - (1 - (-4)/(-1)). Let s(a) = 2*a - 6. Calculate s(x).
6
Let s(u) = 6*u**2 - 2*u - 1. Let b be (-96)/(-21) - 4/7. Suppose 15 = -b*h + 11. Calculate s(h).
7
Let p(c) = c**3 + 11*c**2 - 27*c + 6. Let h be p(-13). Suppose -h = 6*r - 25. Let b(m) = -5*m - 1. What is b(r)?
-6
Let g = 449/1329 - 2/443. Let b(n) be the first derivative of -n + g*n**3 + n**2 + 4. Give b(3).
14
Let x(s) be the third derivative of s**6/60 - s**5/12 + 7*s**4/24 + s**3/6 - 58*s**2 + 8*s. Give x(3).
31
Let v(w) = -w**3 + 5*w**2 + w - 1. Suppose 0 = 4*u - 10*u. Let m(h) = h + 5. Let a be m(u). Determine v(a).
4
Let x(r) = 26*r - 30. Let f be x(1). Let m(y) be the first derivative of -y**2/2 + 3*y - 1. Calculate m(f).
7
Suppose 85*n + 4 = 87*n. Suppose 0 = 5*h - n*p + 30, 0 = -h - 3*p - 17 - 6. Let u(f) = -f**2 - 8*f + 1. Give u(h).
1
Let u(v) = v**3 - 5*v**2 + 3*v - 3. Suppose 3*p + 2*p - 40 = 0. Let m(l) = 4 + p*l**2 + l**2 - 8*l - 10*l**2 + 2*l. Let t be m(-6). Determine u(t).
-7
Let y(t) = 2*t + 1. Let m = 7 - -104. Let j = -115 + m. Calculate y(j).
-7
Let f(d) = d**3 - 5*d**2 + 5*d - 1. Suppose v + 3*t - 20 = 0, 4*t - 29 = -3*v + 11. Let a be (-1 + 2)*(12 - v). Determine f(a).
3
Let f(v) = v**2 - 5*v + 5. Let i be f(5). Suppose 3*a = -2*a - 2*g - 12, 24 = -i*a + g. Let s(u) = -9 + 6 + 223*u**2 + 3*u - 107*u**2 - 115*u**2. Give s(a).
1
Suppose 5*q + 2*g - 24 = 0, q - g = 6*q - 22. Let b(a) = -a**3 + 3*a**2 - a + 3. Determine b(q).
-17
Let l(b) = 7*b**3 + 11*b**2 + 2*b - 3. Let r be 7 + (-41)/3 + 2/3. Let h(i) = -i**3 - i**2 + 1. Let z(u) = r*h(u) - l(u). Calculate z(-2).
-11
Let a(s) = 0 + s**2 + 11 + 0 - 5. Let d(w) = w. Let n be d(0). Calculate a(n).
6
Let y(u) = 11*u**2 - 7*u**2 + 2 + 2*u - 3*u**2 - 6*u. Calculate y(7).
23
Suppose 0 = l - 14*l - 143. Let f(w) = w**3 + 11*w**2 + 4. Let y be f(l). Let d(b) = -b**3 + 3*b**2 + 4*b - 1. Calculate d(y).
-1
Let p(o) be the second derivative of 33*o + 2*o**2 - 1/3*o**3 + 0. Give p(5).
-6
Let t(f) = -18031 - f**3 - f**2 - 4*f + 18036 + 0*f**2. Give t(0).
5
Let t(l) be the second derivative of 0 + 3*l**2 + 1/12*l**4 + 2/3*l**3 - 6*l. Give t(-4).
6
Let f(m) = 5*m**3 + 1 - 36*m**2 + 30*m**2 - 5*m - 4*m**3. Calculate f(6).
-29
Let a(m) = -m**3 - m**2 - m. Suppose 8 = -2*r + 6. Let f(z) = -2*z**3 + 2*z**2 - 5*z - 6. Let c(h) = r*f(h) + 3*a(h). Calculate c(-5).
-4
Let a(g) = 3 - 2 - 11*g**2 + 0*g + g. Let v = 73 + -74. Determine a(v).
-11
Suppose -4*s + 39 = b, -4*b = -3*s - b + 33. Suppose u = 2*u - s. Suppose 0 = -4*i - 2 + u. Let j(f) = 2*f**2 + 3*f - 2. Determine j(i).
12
Let u(x) = 4*x**2 + 27*x**2 + 2*x + 5 - 15*x**2 - 15*x**2. Determine u(-4).
13
Let a be (-5)/3*108/(-30). Let v(b) = 2*b**2 - 7*b - 7. Let q be v(a). Let r(k) = -3 - k**3 + q*k - 23*k + 5*k**2. Give r(5).
-3
Let y(l) be the second derivative of l**5/20 + 17*l**4/12 + 17*l**3/6 - 4*l**2 - 235*l - 1. Determine y(-16).
-24
Let t(w) = 4*w + 5*w**2 + w**2 - 5*w**2 + 0*w. Let r(q) = -q. Let x(a) = -6*r(a) - t(a). Suppose 56*m - 55*m = 2. Calculate x(m).
0
Let q(u) = 4*u + 2. Let r = 1137 - 1144. What is q(r)?
-26
Let n(i) = -2*i**2 + 246. Let m be n(-11). Let w(c) be the first derivative of c**2 + c - 1. Give w(m).
9
Let k(i) = 16*i - 100. Let q(j) = 11*j - 60. Let z be q(6). Give k(z).
-4
Let k(g) = g**2 + 5*g + 4. Let b(u) = 6 - 3 + u**2 - 16*u + 20*u. Let n(l) = 6*b(l) - 5*k(l). Determine n(0).
-2
Let w(q) = q**3 + 8*q**2 + 6*q - 7. Let o = -60 - -59. Let f be o/((-1)/(-7)*2/2). What is w(f)?
0
Suppose -6*q + 15 = -q. Let u(l) = 9 + l - q - 2*l + 2*l. Let n be u(-4). Let c(p) = -4*p - 2. Determine c(n).
-10
Let a = 13 + -8. Let p(c) = -6*c + 1. Determine p(a).
-29
Let b(x) = 18*x**2 + x - 4. Let z(m) = 35*m**2 + 2*m - 8. Let v(d) = 5*b(d) - 3*z(d). Let q(o) = -15*o**2 - o + 3. Let k(l) = 3*q(l) - 2*v(l). Determine k(1).
-15
Let h(q) = q**3 - 4*q**2 + 2*q - 4. Let g be h(3). Let y(i) = i + 580*i**2 + 6*i - 292*i**2 + 3 - 287*i**2. Give y(g).
3
Let h = -205 - -207. Let k(i) be the first derivative of 10 - 1/3*i**3 - 2*i - 5/2*i**h. Determine k(-3).
4
Let y(q) = 2*q**3 + 9*q**2 - q - 3. Suppose -5*b - i - 25 = 0, -16*b + 3*i = -12*b + 1. What is y(b)?
17
Let h be 3 + 1 - (9 - 5). Suppose y - 5 = h, 4*a + 3*y - 23 = -4. Let s(g) = -2*g**2 - 1. What is s(a)?
-3
Let g(f) = -2*f**2 - 8*f. Let i(b) = b**2 + 4*b. Let r(w) = w**3 + 16*w**2 - 16*w + 12. Let v be r(-17). Let y(t) = v*i(t) - 2*g(t). Give y(-3).
3
Let r(c) be the third derivative of -1/120*c**6 - 5/24*c**4 + 2*c**2 + 0 - c**3 - 19*c + 1/10*c**5. Suppose -20 = -o - 3*o. What is r(o)?
-6
Suppose -8*r + 2*r = -0*r. Suppose 0*w + 3*w - 4*t - 6 = 0, r = w - 5*t - 2. Let h(q) = -2*q**2 + q - 1. What is h(w)?
-7
Let z(f) = f + 14. Suppose -45*c = -57*c - 192. Suppose 3*g - 20 = g. Let h = c + g. Determine z(h).
8
Let t(q) be the first derivative of -q**2/2 - 4*q + 201. Calculate t(-14).
10
Suppose t + x = 2*t - 11, 38 = 3*t - 2*x. Suppose 8*y - 32 = t. Let z(a) = -a**3 + 5*a**2 + 5*a + 7. What is z(y)?
1
Let g be 70/(-56)*48/1. Let k = -57 - g. Let n(f) = -2*f + 2. Give n(k).
-4
Let g(p) = -p**3 + 10*p**2 + p - 10. Suppose 60 = 2*k + 4*k. What is g(k)?
0
Let g(j) = 2*j**3 + 19*j**2 - j + 14. Let c(u) = -3*u**3 - 29*u**2 + 2*u - 22. Let h(l) = -5*c(l) - 8*g(l). Calculate h(-6).
-26
Let u = 24 + -85. Let x = 64 + u. Let s(j) = -j**3 + j**2 + 4*j - 1. Calculate s(x).
-7
Let h(i) = 3*i**2 + 2*i - 1. Let n(o) = -o + 2. Let q(a) = h(a) + n(a). Suppose -2*r = 2*r - 40. Let b be 6/(-15) + (-6)/r. Determine q(b).
3
Let b = 15 - 12. Suppose 0 = 5*v - b*v - 14. Let a(c) = -4*c**2 - 2*c**2 + v*c**2. Determine a(-2).
4
Let m(z) = 8*z**2 - 3*z**2 - 4*z**2 - 40*z + 47*z - 2*z**2 + 12. What is m(9)?
-6
Let n(g) be the first derivative of 4*g**2 + 2*g + 344. What is n(4)?
34
Let x(f) = -9 + 34*f - 16*f - 17*f. Determine x(10).
1
Let w = 168 + -178. Let n(i) = i**2 + 10*i + 5. Calculate n(w).
5
Let b(p) = -4*p - 5. Let q be b(-3). Let x(z) = -3*z + 322 - z**2 - q*z - 333. What is x(-9)?
-2
Let g(n) = n**3 - 4*n**2 - 6*n - 8. Suppose -7*x - 18 = -10*x. Calculate g(x).
28
Let d(o) be the first derivative of o**2 + 3*o - 9. Let y be (8/6)/(6/27). Give d(y).
15
Let o(i) = -5*i - 1. Let v = 12 - 11. Suppose -2*d - 4 = 0, 3*d + v = 4*t - 1. Let g be 1*2/2*t. Give o(g).
4
Let i(a) = 2*a + 2. Let w be i(-2). Let q be 8 - 1 - 0